986 = -5*k - g, 5*k = 8*k + g - 2990. What is the units digit of k?
8
Let x = 1168 + -510. What is the hundreds digit of x?
6
Let k be 4/6*3 - -2. Suppose -2*f = -4*f + 3*y + 288, -k*f + 4*y + 584 = 0. What is the hundreds digit of f?
1
Let i = -496 - -1652. What is the hundreds digit of i?
1
Let f(k) = -7*k - 3. Let c(o) = -1. Let z(v) = -2. Let j(w) = -9*c(w) + 4*z(w). Let y(u) = 2*f(u) + 6*j(u). What is the tens digit of y(-1)?
1
Let g(a) = 11*a**2 + 21*a - 1. Let v(f) = 7*f**2 + 14*f - 1. Let o(w) = -5*g(w) + 8*v(w). What is the tens digit of o(3)?
2
Suppose 4*h = -h. Suppose b = 2*g - 1, 4*b + h = -20. Let z = g + 19. What is the units digit of z?
7
Let r(m) = -386*m + 48. What is the hundreds digit of r(-4)?
5
Let c(z) = -98*z - 4. Let l be c(-2). Suppose l + 8 = 8*p. What is the tens digit of p?
2
Let m be (-10)/(-50) - (-48)/10. Suppose -m*y + r + 40 = 110, -28 = 2*y - 4*r. What is the units digit of 34/4 - (-7)/y?
8
Suppose 8*p - 6*p = 38. Suppose 32 + p = 3*i. What is the tens digit of i?
1
What is the tens digit of 4/3 - ((-3598)/6 + 3)?
9
Suppose 8*z - 140 = 3*z. Let y be 3*3/((-18)/z). Let k(s) = -s**2 - 16*s - 8. What is the tens digit of k(y)?
2
Suppose -25*a + 36*a = 2662. What is the units digit of a?
2
Let b = -15 - -55. Suppose 3*k + 2*p - b = p, 2*p = -4*k + 52. What is the units digit of 408/56 - 4/k?
7
Suppose -a - 4*x - 4 = 0, -3*x = -0*x + 6. Suppose -2 = a*b - 5*b. Suppose -3*m = -l + 15, -1 = -b*l + m + 44. What is the units digit of l?
4
Suppose -2*y + 4*h = 87 - 35, -2*y - 5*h = 16. What is the hundreds digit of (-116*2)/(3/(y/12))?
1
Let r(f) = 100*f - 368. What is the units digit of r(9)?
2
Let j(n) = n**2 + 2. Let d be j(0). Let m be d/(-6) + 475/(-15). Let h = -17 - m. What is the tens digit of h?
1
Let d be 490/3 + ((-48)/(-9))/8. Let h = d - 72. What is the units digit of h?
2
Let j be -6 + (-2 - -1) + -1. Let v = j + 31. Let i = v - 3. What is the tens digit of i?
2
Let b = -51 - -53. Suppose -b*o = 2*o - w - 770, 3*o - 571 = 4*w. What is the units digit of o?
3
Let y(d) = 97*d**2 - 27*d + 79. What is the tens digit of y(5)?
6
Let c(f) = f**3 - 9*f**2 + 3*f - 4. Let w be c(8). Let y = 77 + w. Suppose -5*v + 105 = -5*q, 0 = 2*v - 5*q - y - 9. What is the tens digit of v?
2
Let l(r) = 3*r**2 + 88*r + 92. What is the tens digit of l(-38)?
8
Suppose -4*t - t - 2*z = -309, z - 186 = -3*t. Suppose -n + 12 = -t. What is the units digit of n?
5
Let p(f) = -9*f**2. Let a(x) = -4*x**2. Let y(z) = -7*a(z) + 3*p(z). What is the tens digit of y(-6)?
3
Suppose -7863 + 1513 = -10*s. What is the units digit of s?
5
Let j be ((-14)/(-4))/((-5)/(-10)). Suppose -j = -3*q + 182. What is the units digit of q?
3
Suppose 4*y - 14 = 58. Suppose -3*l - 3*t = -126 + y, -150 = -5*l + 5*t. Suppose 4*b - 3*b = l. What is the units digit of b?
3
Let r = -12 - -17. Suppose 0 = 3*d + r*o - 3, -3*o = -4*d + 4. What is the units digit of d?
1
Let q(h) = h**3 + h + 1. Let j(r) = 5*r**3 - 7*r**2 + 20*r - 6. Let x(i) = j(i) - 4*q(i). What is the hundreds digit of x(7)?
1
What is the units digit of ((-22)/6)/(2*(-2)/924)?
7
Suppose 5*a - 5 + 5 = 0. Suppose -p - 4 = 0, 5*c - 359 = -a*p + p. What is the tens digit of c?
7
What is the hundreds digit of (1 + -3756)*2/(-13 - -3)?
7
Let d(k) = 2*k**3 - 2*k**2 - k + 2. Let u be d(2). Let t = u + -8. Suppose -75 = -2*h + 5*l, 2*l = h - t*l - 36. What is the units digit of h?
0
What is the tens digit of (-7185)/(-6)*(-12)/(-30)?
7
Suppose 3184*q = 3186*q - 5102. What is the thousands digit of q?
2
Let x be 0 + 64/12*6/(-4). Let l = 25 - x. What is the tens digit of l?
3
Let o(n) = 11*n - 13. Let z be o(1). What is the tens digit of 178 - (-4 - 0/z)?
8
Suppose -1704 - 292 = -4*i. What is the tens digit of i?
9
Let i(b) = -33*b**2 + 33*b**2 + 2*b + 50 + 27 - b**3. What is the units digit of i(0)?
7
Suppose 2*h = 7*h - 4*t + 4, 2*h + 5*t = 5. What is the units digit of 4*(h - 134/(-8))?
7
Suppose -8*n + 4812 = 380. What is the tens digit of n?
5
Let k(t) = -t**3 - 18*t**2 - 50*t + 4. What is the tens digit of k(-15)?
7
Suppose -6*g - b = -3*g - 811, 0 = 2*g - 4*b - 536. What is the units digit of g?
0
Suppose 27*s - 29*s + 32 = 0. Let n(q) be the second derivative of q**5/20 - 17*q**4/12 + 19*q**3/6 - 9*q**2 - 2*q. What is the tens digit of n(s)?
3
Suppose -233*v + 237*v = 7428. What is the tens digit of v?
5
Let p = 1133 + -739. What is the tens digit of p?
9
Let d = 575 + -241. What is the tens digit of d?
3
Let x(o) = 2*o**3 - 5*o**2 + 3*o - 2. Let l be x(5). Let d = l - 44. What is the units digit of d?
4
Suppose n - 6 = z, 3*z = 3*n + 8*z + 14. Suppose 4 + n = 2*r. Suppose 4*x - 332 = -r*b, 5*b - 100 = -x - 0*x. What is the tens digit of x?
8
What is the units digit of ((-2)/(-3))/(50/1575)?
1
Suppose 0*w + 5*r = -2*w + 11123, 0 = -5*w + r + 27794. What is the tens digit of w?
5
Suppose 0 = -3*m + 5*m - 18. Suppose -7*f - 122 = -m*f. What is the units digit of 4 + -5 + -3 + f?
7
Let n(m) = -m**2 - 21*m + 4. Let u be n(-21). Suppose -200 = -u*f + 4*k, 5*f = 3*k + 176 + 64. What is the units digit of f?
5
Let m = -1186 + 1854. What is the units digit of m?
8
Let m(t) = -2*t - 2*t + 25*t**2 + 7*t - 4*t + 2. Let p be m(2). Suppose -3*j + p = j. What is the units digit of j?
5
Let k = 23 + 3. Let y = k + -26. Suppose -3*h - a + 83 = y, -3*h + 123 = -a + 38. What is the units digit of h?
8
What is the tens digit of (-2)/(-15) - (-854107)/285?
9
What is the hundreds digit of 106 - 2 - (7 - 5)?
1
Suppose -z + 2*z = -3. Let l = z + 8. What is the units digit of (l - 8)*8/(-2)?
2
Let q(i) = 2*i - 19. Suppose -5*u - 4*k + 92 = 0, -u - 5*k = -2*u + 30. What is the units digit of q(u)?
1
Let x = -8 - -11. Suppose 6 = 3*t - x. Suppose -9 = -3*z + z - t*q, 3*z + q = 17. What is the units digit of z?
6
Let d be -2 + 3/(3/2). Let b = d - -3. Suppose -122 = -4*r - 3*s + b, -3*s = 2*r - 61. What is the units digit of r?
2
Let v(k) = 47*k - 1. Let t(w) = -46*w + 2. Let c(u) = 5*t(u) + 4*v(u). What is the units digit of c(-2)?
0
Let i = -161 + 35. What is the units digit of (-12)/(((-48)/i)/(-4))?
6
What is the hundreds digit of (-340)/(-255) + (-4628)/(-3)?
5
Suppose 0 = -4*c + 2248 - 556. Suppose -64*w - c = -67*w. What is the hundreds digit of w?
1
Let m(c) = 8*c**2 - 4*c - 30. What is the units digit of m(10)?
0
Suppose -7*z + 20 - 13 = 0. Let r(d) = 85*d + 3. What is the units digit of r(z)?
8
Suppose -6*f + 9*f - 3*d = 2301, f + d - 757 = 0. What is the tens digit of f?
6
Let z = 6860 + -3285. What is the thousands digit of z?
3
Let h(n) = -n**2 + 3*n + 2. Suppose 0 = -j - 3*j + 12. Let f be h(j). Suppose -5*d = 2*v - 214, -34 = d - f*d + 4*v. What is the units digit of d?
2
Suppose s - 6 = -f, -3*s + 5*s = 4. Let a = -1 + f. Suppose 5*p + 20 = 5*i, a*i - 5*i + 11 = p. What is the units digit of p?
1
Suppose 9 = -3*b, -37*b = 2*l - 34*b - 1387. What is the units digit of l?
8
Suppose 5*r + 279 = 429. What is the units digit of r?
0
Suppose 5*l = 2*g - 7831, -12*l = 4*g - 10*l - 15650. What is the units digit of g?
3
Let k = 14 + -18. Let s(y) = -y**3 - 4*y**2 - 2*y - 6. Let m be s(k). Suppose 2*g = -4*r + 102, -7*g = -3*r - m*g + 57. What is the tens digit of r?
2
Let b(o) = o + 6 - 3 + 4 + 0. What is the units digit of b(6)?
3
Let l(u) = 35*u - 25. Let r be l(5). Let f(b) = 2*b**3 - 3*b**2 + 2*b + 1. Let k be f(2). Suppose 4*n + r = k*n. What is the tens digit of n?
3
Let m be 0/(3 - 2 - -1). Suppose -2*h + 1 + 5 = m. Suppose -h*u + 32 = u. What is the units digit of u?
8
Let z = 86 + 628. What is the units digit of z?
4
Let h = 363 + -79. What is the units digit of h?
4
Suppose -3*x - 22 = -4*p + 101, -p + 33 = -3*x. Suppose -2*d - z = 10, -5*d + 4*d - 8 = 2*z. What is the units digit of p*(d/6 + 1)?
0
Let h(s) = -s**3 - 20*s**2 + 4*s + 71. What is the tens digit of h(-21)?
2
Suppose 7*a - a - 12 = 0. Suppose -5*s - 113 = -a*p + 29, 3*p + 3*s - 171 = 0. What is the tens digit of p?
6
Let c be (-4)/(-6)*(-1 + -2)*-2. Suppose 3*t + 2*t = -3*o + 253, 0 = 4*o + c*t - 332. What is the units digit of o?
1
Suppose 18*k = 673 + 3773. What is the units digit of k?
7
Let y = -98 + 189. What is the units digit of y - -1*(2 - 5 - -2)?
0
Suppose v - 4*p - 17 = p, -5*v + 19 = -3*p. Suppose -b + 5*u = -0*b - v, -2*b - u = -37